digit of 413674?
6
What is the thousands digit of 74475?
4
What is the units digit of 371756?
6
What is the hundred thousands digit of 4317368?
3
What is the thousands digit of 258109?
8
What is the hundred thousands digit of 11447537?
4
What is the hundred thousands digit of 226143?
2
What is the tens digit of 96404?
0
What is the millions digit of 1451416?
1
What is the tens digit of 43370?
7
What is the ten thousands digit of 9569071?
6
What is the units digit of 118056?
6
What is the ten thousands digit of 592242?
9
What is the hundred thousands digit of 210407?
2
What is the ten thousands digit of 634957?
3
What is the hundred thousands digit of 1176271?
1
What is the ten thousands digit of 5813792?
1
What is the hundred thousands digit of 6241553?
2
What is the thousands digit of 752264?
2
What is the units digit of 4903984?
4
What is the units digit of 7810603?
3
What is the ten thousands digit of 1148383?
4
What is the thousands digit of 211076?
1
What is the units digit of 316432?
2
What is the units digit of 1186288?
8
What is the tens digit of 8511020?
2
What is the hundreds digit of 100231?
2
What is the units digit of 261998?
8
What is the hundred thousands digit of 227836?
2
What is the hundreds digit of 793432?
4
What is the thousands digit of 222055?
2
What is the thousands digit of 5418?
5
What is the units digit of 197162?
2
What is the millions digit of 4794819?
4
What is the ten thousands digit of 18694216?
9
What is the tens digit of 343709?
0
What is the millions digit of 9953141?
9
What is the units digit of 7830115?
5
What is the thousands digit of 5196139?
6
What is the thousands digit of 2444850?
4
What is the ten thousands digit of 760855?
6
What is the units digit of 379449?
9
What is the thousands digit of 464549?
4
What is the tens digit of 4630461?
6
What is the thousands digit of 949229?
9
What is the hundreds digit of 4742083?
0
What is the tens digit of 685844?
4
What is the ten thousands digit of 1387478?
8
What is the millions digit of 3335311?
3
What is the hundred thousands digit of 329369?
3
What is the thousands digit of 5136163?
6
What is the tens digit of 621913?
1
What is the tens digit of 570026?
2
What is the ten thousands digit of 2682954?
8
What is the hundreds digit of 201981?
9
What is the hundreds digit of 9505216?
2
What is the tens digit of 3642518?
1
What is the thousands digit of 280093?
0
What is the units digit of 263072?
2
What is the millions digit of 1807111?
1
What is the ten thousands digit of 116314?
1
What is the hundreds digit of 6018678?
6
What is the tens digit of 135295?
9
What is the millions digit of 5040998?
5
What is the thousands digit of 1739063?
9
What is the hundred thousands digit of 6176056?
1
What is the hundreds digit of 10697020?
0
What is the tens digit of 5533986?
8
What is the thousands digit of 9903141?
3
What is the hundreds digit of 127606?
6
What is the thousands digit of 8868254?
8
What is the tens digit of 5919790?
9
What is the tens digit of 4902293?
9
What is the tens digit of 15534292?
9
What is the tens digit of 286866?
6
What is the hundred thousands digit of 671487?
6
What is the hundreds digit of 158530?
5
What is the units digit of 3157916?
6
What is the thousands digit of 1228758?
8
What is the millions digit of 3617974?
3
What is the tens digit of 1459556?
5
What is the millions digit of 11592966?
1
What is the tens digit of 26439?
3
What is the ten thousands digit of 1098346?
9
What is the hundreds digit of 1011435?
4
What is the units digit of 562297?
7
What is the hundreds digit of 9780321?
3
What is the tens digit of 2564525?
2
What is the tens digit of 8357486?
8
What is the units digit of 682233?
3
What is the tens digit of 530970?
7
What is the hundreds digit of 876313?
3
What is the thousands digit of 195742?
5
What is the millions digit of 1278494?
1
What is the thousands digit of 432219?
2
What is the tens digit of 175275?
7
What is the thousands digit of 396229?
6
What is the thousands digit of 201286?
1
What is the hundred thousands digit of 2625218?
6
What is the units digit of 194225?
5
What is the tens digit of 882391?
9
What is the hundred thousands digit of 11217401?
2
What is the hundred thousands digit of 4702135?
7
What is the thousands digit of 25501?
5
What is the hundred thousands digit of 338883?
3
What is the tens digit of 117700?
0
What is the hundred thousands digit of 3203099?
2
What is the tens digit of 1359403?
0
What is the tens digit of 20642227?
2
What is the millions digit of 1897199?
1
What is the thousands digit of 2004865?
4
What is the units digit of 117039?
9
What is the tens digit of 386142?
4
What is the units digit of 25842?
2
What is the units digit of 649337?
7
What is the tens digit of 960844?
4
What is the units digit of 135956?
6
What is the units digit of 6898323?
3
What is the units digit of 620706?
6
What is the millions digit of 14318031?
4
What is the hundred thousands digit of 4423467?
4
What is the thousands digit of 9929743?
9
What is the units digit of 2569168?
8
What is the units digit of 6550449?
9
What is the millions digit of 5602512?
5
What is the tens digit of 271202?
0
What is the hundreds digit of 4992495?
4
What is the thousands digit of 6678366?
8
What is the thousands digit of 502915?
2
What is the hundreds digit of 322920?
9
What is the thousands digit of 79941?
9
What is the hundreds digit of 3004550?
5
What is the thousands digit of 473382?
3
What is the thousands digit of 9292773?
2
What is the tens digit of 36470213?
1
What is the units digit of 4327786?
6
What is the units digit of 89049?
9
What is the tens digit of 164418?
1
What is the thousands digit of 852726?
2
What is the thousands digit of 3637391?
7
What is the units digit of 21241887?
7
What is the thousands digit of 19253392?
3
What is the millions digit of 2095861?
2
What is the ten thousands digit of 122466?
2
What is the millions digit of 11061416?
1
What is the thousands digit of 2315355?
5
What is the hundred thousands digit of 2306045?
3
What is the hundreds digit of 850156?
1
What is the tens digit of 67555?
5
What is the hundred thousands digit of 446638?
4
What is the units digit of 73466?
6
What is the thousands digit of 227819?
7
What is the hundred thousands digit of 1297284?
2
What is the units digit of 68002?
2
What is the hundred thousands digit of 275545?
2
What is the hundred thousands digit of 1327953?
3
What is the thousands digit of 898885?
8
What is the ten thousands digit of 983645?
8
What is the ten thousands digit of 296899?
9
What is the units digit of 26167804?
4
What is the ten thousands digit of 2745382?
4
What is the ten thousands digit of 1161658?
6
What is the units digit of 12204066?
6
What is the tens digit of 125540?
4
What is the thousands digit of 251411?
1
What is the thousands digit of 297330?
7
What is the units digit of 394407?
7
What is the thousands digit of 3440355?
0
What is the hundred thousands digit of 2670526?
6
What is the units digit of 2605581?
1
What is the ten thousands digit of 1569258?
6
What is the hundreds digit of 522073?
0
What is the thousands digit of 3198887?
8
What is the ten thousands digit of 203417?
0
What is the units digit of 1040002?
2
What is the ten thousands digit of 909612?
0
What is the units digit of 2097096?
6
What is the units digit of 21516515?
5
What is the hundreds digit of 3597943?
9
What is the tens digit of 12885130?
3
What is the thousands digit of 1888360?
8
What is the ten thousands digit of 155264?
5
What is the hundred thousands digit of 22825039?
8
What is the hundred thousands digit of 9327801?
3
What is the ten thousands digit of 7073636?
7
What is the ten thousands digit of 13741371?
4
What is the thousands digit of 3943137?
3
What is the hundreds digit of 1113660?
6
What is the thousands digit of 3362973?
2
What is the ten thousands digit of 2200147?
0
What is the ten thousands digit of 2596893?
9
What is the ten thousands digit of 8811287?
1
What is the hundred thousands digit of 339870?
3
What is the tens digit of 250156?
5
What is the ten millions digit of 14413169?
1
What is the units digit of 1005411?
1
What is the thousands digit of 263762?
3
What is the thousands digit of 95576?
5
What is the millions digit of 1